 80. Determine p(6).
134
Let g(x) = -3*x**2 + 21*x - 23. Calculate g(7).
-23
Let m(z) = 2*z**3 + 38*z**2 - 44*z - 50. Give m(-20).
30
Let u(j) = -29*j + 291. Give u(11).
-28
Let v(h) = 4*h**2 - 27*h - 49. Give v(10).
81
Let j(p) = 22*p**2 - 13*p - 149. Determine j(-5).
466
Let b(w) = 3*w**2 - 67*w + 19. Calculate b(22).
-3
Let g(d) = d**3 + 35*d**2 + 10*d + 80. What is g(-34)?
896
Let g(k) = -k**2 - 48*k + 1933. What is g(26)?
9
Let g(q) = 2*q**3 - 25*q**2 + 143*q - 1570. Determine g(12).
2
Let g(p) = -5*p**2 + 11*p + 56. Give g(6).
-58
Let b(i) = -49*i + 105. Determine b(2).
7
Let b(f) = f**2 + 66*f - 374. Give b(-71).
-19
Let o(z) = 13*z**3 - 2*z**2 + 11*z - 6. What is o(2)?
112
Let i(w) = -w**2 - 309*w - 3578. Determine i(-12).
-14
Let l(d) = -d**2 - 100*d + 410. Determine l(4).
-6
Let w(s) = 1231*s + 4937. Determine w(-4).
13
Let w(s) = 62*s - 690. Determine w(11).
-8
Let b(o) = -o**3 + 7*o**2 + 41*o + 5. Calculate b(7).
292
Let g(v) = 5*v**2 - 54*v - 26. What is g(11)?
-15
Let z(o) = -44*o - 2366. Determine z(-51).
-122
Let n(z) = -4*z**2 + 14*z - 3. Calculate n(8).
-147
Let s(d) = -5*d - 83. Give s(9).
-128
Let q(z) = z**2 + 53*z + 467. Calculate q(-42).
5
Let a(t) = 9*t**3 + 92*t**2 + 11*t + 58. Calculate a(-11).
-910
Let m(i) = 5*i - 25. Calculate m(18).
65
Let c(m) = -m**3 - 34*m**2 + 447*m - 147. Give c(-44).
-455
Let i(z) = -18*z + 175. Give i(14).
-77
Let o(i) = -8*i**3 - 65*i**2 - 29*i + 7. Determine o(-7).
-231
Let d(u) = 7*u**3 - 112*u**2 - u + 63. Determine d(16).
47
Let v(y) = -16*y**3 - 4*y**2 + 15*y - 10. Give v(1).
-15
Let a(x) = -2*x**3 - 24*x**2 - 42*x + 25. What is a(-3)?
-11
Let m(j) = 3*j**3 - 38*j**2 + 79*j + 19. Calculate m(10).
9
Let d(y) = y**3 + 90*y**2 - 2*y - 212. Calculate d(-90).
-32
Let i(q) = -20*q**2 + 147*q + 8. Determine i(8).
-96
Let w(k) = k**3 + 26*k**2 - 115*k + 146. Give w(-30).
-4
Let h(g) = 2503*g + 5027. What is h(-2)?
21
Let u(y) = 138*y + 9656. Determine u(-70).
-4
Let u(a) = 81*a - 346. Calculate u(8).
302
Let t(g) = -g**3 + 45*g**2 - 95*g + 454. Calculate t(43).
67
Let j(o) = 2*o**3 + 22*o**2 - 245*o + 6. What is j(8)?
478
Let s(a) = -2903*a + 42. Give s(0).
42
Let v(x) = -478*x + 965. What is v(2)?
9
Let k(a) = 21*a + 23. What is k(3)?
86
Let t(w) = -4019*w + 92432. Determine t(23).
-5
Let m(n) = n**3 + 14*n**2 + 1100*n + 10607. Give m(-10).
7
Let o(u) = 14*u**2 + 35*u - 8. Give o(-7).
433
Let k(r) = -202*r + 3036. Calculate k(14).
208
Let g(n) = n**2 + 149*n - 2989. Give g(18).
17
Let k(v) = -3*v**2 - 39*v - 9. Determine k(-11).
57
Let p(w) = 6*w**3 - 39*w**2 - 21*w - 7. Calculate p(7).
-7
Let z(t) = t**2 + 79*t + 569. Determine z(-8).
1
Let u(t) = t**2 - 33*t + 219. Give u(10).
-11
Let s(q) = -2*q**3 - 17*q**2 - 30*q - 20. Calculate s(-7).
43
Let a(m) = 133*m + 891. Give a(-8).
-173
Let t(x) = x**2 + 23*x + 58. What is t(-8)?
-62
Let c(j) = 2980*j - 14901. Calculate c(5).
-1
Let w(p) = 59*p + 650. What is w(-11)?
1
Let f(k) = 7*k**3 + k**2 + 11*k + 26. Give f(-2).
-48
Let l(s) = 12*s**3 - 565*s**2 + 43*s + 183. Calculate l(47).
-5
Let f(h) = -h**2 - 95*h + 6499. What is f(46)?
13
Let n(t) = 14*t + 106. What is n(-8)?
-6
Let x(r) = 5*r**3 - 3*r**2 - 3*r + 6. What is x(3)?
105
Let g(h) = h**3 + 37*h**2 + 100*h - 81. Calculate g(-34).
-13
Let l(s) = 56*s**3 + 23*s**2 - 12*s - 34. Give l(-1).
-55
Let a(d) = 118*d + 5277. What is a(-45)?
-33
Let x(y) = 11*y**2 - 1221*y - 5. Give x(111).
-5
Let q(c) = -2*c - 86. Give q(-77).
68
Let g(l) = -13*l**3 - l**2 + 6*l - 9. Calculate g(3).
-351
Let t(k) = -6*k**2 + 75*k - 199. Calculate t(4).
5
Let l(y) = 3*y - 64. What is l(26)?
14
Let r(z) = z**2 + 3*z + 129. Give r(9).
237
Let y(c) = -8*c**2 - 78*c + 169. Determine y(-12).
-47
Let z(a) = 666*a + 2668. What is z(-4)?
4
Let t(l) = -66*l - 2152. Calculate t(-34).
92
Let q(n) = 2054*n + 22584. Determine q(-11).
-10
Let f(p) = 55*p + 210. Calculate f(-8).
-230
Let f(r) = -r**2 - 53*r + 74. Give f(-70).
-1116
Let m(g) = -18*g + 132. What is m(8)?
-12
Let v(p) = 14*p**3 + 5*p**2 - 5*p - 1. Determine v(1).
13
Let j(c) = -22*c + 2663. Calculate j(121).
1
Let l(t) = -54*t + 433. Give l(8).
1
Let t(j) = -91*j + 11654. Calculate t(128).
6
Let c(q) = -2*q**2 - 23*q - 35. Give c(-3).
16
Let n(d) = 4*d + 379. Determine n(-96).
-5
Let r(l) = -5*l**3 + 11*l**2 - 9*l + 6. What is r(2)?
-8
Let z(h) = h**2 + 451*h - 7478. Calculate z(16).
-6
Let v(u) = 4*u**3 - 10*u**2 - 9*u. Determine v(5).
205
Let h(j) = -j**3 + 13*j**2 - 28*j - 88. What is h(10)?
-68
Let h(n) = -3*n**2 + 1990*n + 6. Determine h(0).
6
Let p(k) = -249*k**3 - 2*k + 1. Calculate p(1).
-250
Let v(d) = d**3 + 13*d**2 - 21*d + 4. Give v(-15).
-131
Let c(x) = 4*x**3 + 13*x**2 - 27*x + 20. What is c(-5)?
-20
Let g(m) = -m**3 - 5*m + 21. Determine g(3).
-21
Let p(o) = -21*o - 1894. Calculate p(-90).
-4
Let k(i) = i**2 + 27*i - 269. What is k(9)?
55
Let w(d) = 243*d - 586. Give w(5).
629
Let t(a) = -10*a**2 + 110*a + 20. Give t(10).
120
Let q(l) = -30*l**2 + 32*l - 67. Calculate q(2).
-123
Let k(h) = 541*h + 6497. Calculate k(-12).
5
Let d(p) = -7*p**3 + p**2 + 230*p + 101. Determine d(6).
5
Let j(o) = -o**3 + 20*o**2 - 37*o - 26. Give j(18).
-44
Let k(l) = l**2 - 3743*l - 33783. Give k(-9).
-15
Let t(r) = r**3 + 5*r**2 - 9*r - 40. What is t(-3)?
5
Let y(o) = -5*o**2 - 205*o + 109. Give y(-41).
109
Let i(o) = -2*o**3 - 12*o**2 - 13*o + 20. Determine i(-4).
8
Let j(g) = 2*g**2 - 4*g - 19. Determine j(3).
-13
Let a(h) = -323*h - 1652. What is a(-5)?
-37
Let x(q) = 49*q - 1042. Determine x(23).
85
Let w(l) = -176*l**2 + 38015*l + 211. What is w(216)?
-5
Let d(a) = -25*a**2 + 475*a - 27. Determine d(19).
-27
Let h(y) = -2*y**2 + 142*y - 413. Give h(3).
-5
Let i(p) = -p**2 + 501*p - 3941. Give i(8).
3
Let f(b) = 11*b**3 - 5*b**2 + 16*b - 31. Give f(3).
269
Let s(w) = -217*w + 978. What is s(4)?
110
Let a(s) = s**2 - s - 265. Determine a(-17).
41
Let r(q) = 61*q + 5380. Determine r(-88).
12
Let l(z) = z**2 - 8*z + 4. Determine l(-2).
24
Let m(w) = 51*w**2 + 359*w + 38. Give m(-7).
24
Let q(z) = -z**3 + 54*z**2 + 64*z - 472. Give q(55).
23
Let p(f) = -80*f + 1349. Determine p(15).
149
Let z(n) = -n**2 - 53*n - 334. Determine z(-28).
366
Let k(b) = 2*b**2 - 15*b + 8. What is k(2)?
-14
Let p(x) = -x**2 - 9*x - 23. Determine p(-11).
-45
Let x(j) = -j**2 + j + 55. Calculate x(-5).
25
Let o(m) = 9*m**2 - 51*m + 109. Give o(6).
127
Let g(o) = 15*o + 446. What is g(-16)?
206
Let u(d) = -d**2 - 24*d + 165. Calculate u(18).
-591
Let g(r) = r**2 + 105*r + 2381. Calculate g(-71).
-33
Let t(a) = 1317*a + 63208. Determine t(-48).
-8
Let t(a) = -2*a**2 + 172*a + 1099. Determine t(-6).
-5
Let l(k) = -19*k + 75. Calculate l(3).
18
Let v(j) = -j**2 - 20*j + 154. Give v(-20).
154
Let c(d) = -d**3 - 36*d**2 + 61*d + 954. Calculate c(-37).
66
Let u(b) = -b**2 + 257*b + 6749. Calculate u(-24).
5
Let t(r) = 2*r**2 - 58*r - 77. What is t(31)?
47
Let r(t) = -124*t - 121. Give r(-1).
3
Let m(h) = 35*h**2 - 146*h - 12. What is m(5)?
133
Let q(u) = 2*u**2 + 86*u + 14. Calculate q(-43).
14
Let t(z) = -66*z - 2315. What is t(-35)?
-5
Let g(a) = a**3 + 3*a**2 - 13. Determine g(9).
959
Let l(g) = -g**2 + 12*g - 44. What is l(4)?
-12
Let v(h) = h**2 - 35*h + 36. Give v(32).
-60
Let m(j) = 2*j**3 + 13*j**2 - 68*j - 437. Determine m(-6).
7
Let m(w) = w**2 - 1106*w - 2213. Calculate m(-2).
3
Let w(n) = -16*n**2 - 142*n + 149. What is w(1)?
-9
Let p(l) = -179*l - 36. Give p(0).
-36
Let k(y) = 8*y**3 + 4*y**2 + 4*y + 3. Give k(-1).
-5
Let q(v) = -v**3 - 10*v**2 - 11*v + 19. What is q(-10)?
129
Let q(j) = -j**2 + 390*j + 14872. Determine q(-35).
-3
Let b(t) = -19*t**2 - 75*t - 338. Calculate b(-5).
-438
Let l(b) = b**3 + 2*b**2 - 72*b - 244. Calculate l(-4).
12
Let z(p) = 2*p**2 + 4151*p + 8301. Determine z(-2).
7
Let j(i) = i**2 - 22*i + 3. Calculate j(22).
3
Let f(c) = -c**2 - 34*c - 280. Give f(-11).
-27
Let f(i) = 5*i**2 + 38*i + 3. Determine f(-7).
-18
Let a(g) = -2*g**3 - 3*g**2 - 32*g - 61. Give a(-2).
7
Let m(s) = 18*s**3 - s**2 + 32*s + 68. Determine m(-2).
-144
Let f(x) = 6*x - 75. What is f(0)?
-75
Let j(y) = 36*y**3 + 252*y**2 + 12*y + 87. What is j(-7)?
3
Let f(c) = 5*c**2 - 16*c + 93. Give f(5).
138
Let x(i) = -8743*i + 69933. Calculate x(8).
-11
Let z(t) = -8*t**2 - 8*t - 54. What is z(7